
4400112000
In base 5, what is -101121 - 4310220?
-4411341
In base 2, what is 1011000011 - -1010011101111111?
1010101001000010
In base 8, what is -161630 + 110?
-161520
In base 12, what is -19 + -7934021?
-793403a
In base 11, what is -2573077 + -28?
-25730a4
In base 13, what is c050c - 7?
c0505
In base 15, what is -1 - -183c9dc?
183c9db
In base 15, what is -7119e - 3?
-711a2
In base 15, what is 0 + -e6c0ee?
-e6c0ee
In base 4, what is 1 + 1233311120011?
1233311120012
In base 9, what is -37022106 + -8?
-37022115
In base 11, what is 208 - 124a88?
-124880
In base 9, what is -3760752 - -14?
-3760737
In base 16, what is -237d - 20d4?
-4451
In base 8, what is -2 - 472544?
-472546
In base 16, what is -a9 - 23c1ff?
-23c2a8
In base 11, what is -55581169 - -4?
-55581165
In base 15, what is -2 - 680274?
-680276
In base 3, what is -202122201001212 + -20?
-202122201002002
In base 10, what is 659291 + -223?
659068
In base 15, what is -437 + 611e6?
60cae
In base 11, what is -21a66411 - 3?
-21a66414
In base 5, what is -33323113142 + 2?
-33323113140
In base 4, what is -12113230121 - -1110?
-12113223011
In base 14, what is -125 - -27241?
2711a
In base 15, what is -1 - 14352a?
-14352b
In base 16, what is a60718 + 7?
a6071f
In base 4, what is 11 - 1031112300301?
-1031112300230
In base 3, what is 10 - -100120011021121101?
100120011021121111
In base 5, what is 10 - -241302244410?
241302244420
In base 11, what is -20488547 - -1?
-20488546
In base 3, what is 11011221120121200 + -111?
11011221120121012
In base 5, what is 1022030 + -3304?
1013221
In base 11, what is -2709426 + 64?
-2709372
In base 10, what is -17576401 + -2?
-17576403
In base 9, what is 255 + 123648?
124014
In base 11, what is 1284 + 3a6a?
5243
In base 14, what is 13dc18 - 62?
13db96
In base 4, what is 21 - 10133330023?
-10133330002
In base 11, what is -3333383 + -21?
-33333a4
In base 10, what is 32560 + -5400?
27160
In base 2, what is 1100010111000 + 1100101110011011?
1110010001010011
In base 3, what is 1011010 + 212001200?
220012210
In base 15, what is 51568e + 4?
515693
In base 14, what is -313a76 + -9?
-313a81
In base 16, what is 1eeb - 99d?
154e
In base 4, what is 13221120221 + 13?
13221120300
In base 7, what is 34 - -1502640?
1503004
In base 12, what is 303a2 - -26a0?
32a82
In base 4, what is 331 + 3322322?
3323313
In base 12, what is 0 + -1033756b?
-1033756b
In base 3, what is -1022202011 - 1202?
-1022210220
In base 2, what is 11 - 10110010110001111100?
-10110010110001111001
In base 4, what is 22101001 + 102030?
22203031
In base 15, what is -1ae - -24ce8?
24b39
In base 7, what is 2050 - -345?
2425
In base 9, what is -12 + -13563538?
-13563551
In base 4, what is -3302 - -11021220322?
11021211020
In base 9, what is -34467 - 2520?
-37087
In base 16, what is 5 + 1d5a356?
1d5a35b
In base 10, what is -84 + 4847529?
4847445
In base 10, what is 469 + 167471?
167940
In base 4, what is 101311033 + -1020?
101310013
In base 15, what is 125e - 12d9?
-7a
In base 15, what is 1c00694 + 4?
1c00698
In base 12, what is 203559 - 16?
203543
In base 16, what is -3 + 27d956e?
27d956b
In base 12, what is 589b83 + -5b?
589b24
In base 11, what is -30a709 + 236?
-30a483
In base 14, what is 41 + 127a13?
127a54
In base 3, what is 12210000112200 + 1002?
12210000120202
In base 9, what is 50326 - -8756?
60183
In base 9, what is 3622 - 63220?
-58487
In base 7, what is -3301 - 1126640?
-1133241
In base 2, what is 110001 + 101000001110110010?
101000001111100011
In base 10, what is -9162 - 9924?
-19086
In base 14, what is 9 - 6d5a33?
-6d5a28
In base 11, what is -61097 - -243?
-60954
In base 2, what is -1001110111001100 - -10100001?
-1001110100101011
In base 10, what is -9 - -1709228?
1709219
In base 16, what is 19a1 + 22cd?
3c6e
In base 12, what is 25 + 90411?
90436
In base 10, what is -4 - 56794696?
-56794700
In base 10, what is -5 - 7830596?
-7830601
In base 3, what is 1012201011 - 12220212?
222210022
In base 4, what is 10300232 - -230?
10301122
In base 9, what is 1360328430 + -3?
1360328426
In base 8, what is 1 + -220466?
-220465
In base 9, what is -707260 - -222?
-707037
In base 10, what is -1045871 + 4?
-1045867
In base 16, what is 0 + -992016?
-992016
In base 15, what is -155a94 - -8?
-155a8b
In base 2, what is -10110011110100 + -100010001101111?
-111000101100011
In base 5, what is 404111 - -44?
404210
In base 9, what is 15 + -6810?
-6784
In base 10, what is -31 - 20306?
-20337
In base 10, what is -32 + 141846?
141814
In base 7, what is -41 - -5150260?
5150216
In base 7, what is -6361520 + 253?
-6361234
In base 12, what is b76b13 + -3?
b76b10
In base 7, what is 442212265 - -3?
442212301
In base 15, what is a03 + 21042?
21a45
In base 14, what is 17d86947 + 2?
17d86949
In base 4, what is -302130301030 + -3?
-302130301033
In base 8, what is 2 - -1077377725?
1077377727
In base 16, what is -15 + -88e2c?
-88e41
In base 12, what is -84b58 + 1835?
-83323
In base 12, what is 5 + -85b54b0?
-85b54a7
In base 6, what is 1335 - 140143124?
-140141345
In base 16, what is 4 + 2a0c43?
2a0c47
In base 12, what is -4 + -1518338?
-1518340
In base 13, what is -8307 - 5c8?
-8902
In base 12, what is 177a737 + 33?
177a76a
In base 11, what is 312 + -15871?
-1555a
In base 2, what is -1 + 110011101101000110001?
110011101101000110000
In base 2, what is 10010 + 1010001100100011010110?
1010001100100011101000
In base 16, what is 11 + 798785?
798796
In base 4, what is 1113133022 - -10020?
1113203102
In base 14, what is c3 - -2781b?
27900
In base 7, what is -364 - -4141102?
4140405
In base 6, what is -122222033445 + 0?
-122222033445
In base 15, what is -65b1 - -135?
-647b
In base 4, what is -12212300311 + 3?
-12212300302
In base 13, what is -52c7011 - -17?
-52c6cc7
In base 16, what is -19f4ae + 18?
-19f496
In base 12, what is -1184 - a04?
-1b88
In base 3, what is 2 + -10022102111200001?
-10022102111122222
In base 2, what is -110001011000 + 11111000101?
-10010010011
In base 11, what is 2 - -140728a9?
14072900
In base 6, what is -511 + -324251?
-325202
In base 15, what is 1 - 3c9193?
-3c9192
In base 4, what is 300 + -212132000?
-212131100
In base 2, what is -11101110011011101101011 - 111?
-11101110011011101110010
In base 2, what is -101010110 + -10001100000110100?
-10001100110001010
In base 8, what is 15526570320 + 0?
15526570320
In base 5, what is -441022233420 - -10?
-441022233410
In base 12, what is 22 - 527685?
-527663
In base 5, what is 123401100 - 44?
123401001
In base 16, what is 6 - -4d4d3?
4d4d9
In base 15, what is 18961a + -18?
189602
In base 10, what is 68541 + 3961?
72502
In base 12, what is -4 - 1323704?
-1323708
In base 9, what is -66782032 - 2?
-66782034
In base 16, what is -677c8d - 82?
-677d0f
In base 2, what is 10001100101011 + 1010011000?
10010111000011
In base 5, what is 13343341224 - -122?
13343341401
In base 14, what is 22 + -2683c?
-2681a
In base 10, what is 5017497 - 1?
5017496
In base 8, what is 246 + 176230?
176476
In base 5, what is -2101231 + -1032421?
-3134202
In base 10, what is -31396 - 36?
-31432
In base 12, what is 5 - -13b1648?
13b1651
In base 6, what is 245 + 1240220?
1240505
In base 6, what is 1205553 - 2544?
1203005
In base 11, what is 311069a0 - 0?
311069a0
In base 8, what is 5 + -13774166?
-13774161
In base 11, what is -204840a + 28?
-2048392
In base 4, what is 12202312313 - 10?
12202312303
In base 4, what is -1022233333021 + 0?
-1022233333021
In base 7, what is 203324350 + -2?
203324345
In base 5, what is 41044 + -2314301?
-2223202
In base 6, what is -51 + -313303300?
-313303351
In base 9, what is 153448 + 37?
153486
In base 7, what is 1321 + 464566?
466220
In base 6, what is -325 - -1502215?
1501450
In base 2, what is -1100001111011100 + -110000111110?
-1101000000011010
In base 7, what is 2 + 26462?
26464
In base 13, what is -a66b - -798?
-9ba3
In base 6, what is -2033200 + 13051?
-2020105
In base 6, what is 121522123 - -241?
121522404
In base 12, what is -659ba + -38?
-65a36
In base 4, what is -203113 + -2122200?
-2331313
In base 16, what is -e973bec + -5?
-e973bf1
In base 11, what is 371 + -557917?
-557556
In base 9, what is -32271 - 83474?
-125755
In base 8, what is 42416 - -33012?
75430
In base 2, what is 11011111000000100111011 + 1110?
11011111000000101001001
In base 7, what is 625302363 + -13?
625302350
In base